et k(n) = -9 + 3*n + 1 + 4. Let l be (-1 + 7)*12/18. Give k(l).
8
Let d(q) = -7*q**3 - 2*q**2 - 2*q - 1. Let h(y) = -2*y - 7. Let j be h(-7). Let s(n) = -n + 6. Let a be s(j). Calculate d(a).
6
Let n(j) = j**3 + j**2 + j + 2. Let c be n(0). Let x(h) = 0*h**2 - 5 + 5*h**c - 12*h**2 + 9*h + 6*h**2. Give x(8).
3
Let v(t) = t**2 + 4*t + 6. Suppose 12*l - 4 = -52. Give v(l).
6
Let k(s) be the third derivative of s**4/24 + 5*s**3/6 + 3*s**2 - 17. Suppose -3*v + 6*v + 24 = 0. Give k(v).
-3
Let x(o) = 2*o**2 - 6*o + 2. Suppose -5*a + 2*p + 20 = 0, 2*p = -a - p + 4. Calculate x(a).
10
Let k(h) = -h**3 + 3*h**2 + 6*h - 3. Let a be k(4). Let m(i) be the third derivative of 0 + 1/6*i**3 + 0*i - 1/12*i**4 + 3*i**2. Calculate m(a).
-9
Let p(x) = -4*x + 192 + 2*x - 201. Calculate p(-6).
3
Let a(l) be the second derivative of 1/6*l**4 + 0*l**2 + 1/60*l**5 + 0 + 0*l**3 - 2*l + 1/360*l**6. Let s(p) be the third derivative of a(p). Determine s(3).
8
Let l(c) be the first derivative of 0*c**3 + 1/20*c**5 - 1/12*c**4 + c**2 - 5*c + 5. Let o(a) be the first derivative of l(a). Give o(0).
2
Let m(y) = -6*y + 28*y - 21*y. Calculate m(11).
11
Let x(c) = 3*c - 17. Let r(t) = -18*t + 86. Let z(m) = 2*r(m) + 11*x(m). What is z(0)?
-15
Let x(t) = t. Let z(r) = -3*r**2 + 12*r - 3. Let m(f) = 12*x(f) - z(f). Suppose 4*n - 32 = 3*s + 2*s, 17 = -n - 5*s. Calculate m(n).
30
Suppose -5*j = -l + 17, -2*l + 3*j = -0 + 1. Let d(m) = m**3 + 9*m**2 + 7*m. Calculate d(l).
8
Let b be (-2 - -4)/(2/(-5)). Let q(m) = -m - 5. What is q(b)?
0
Let j(x) = x - 3 - 2*x + 10. Let t be (5/(-4))/(36/(-144)). Give j(t).
2
Let l(w) = w**3 - w**2 - w. Let t(m) be the first derivative of 1/3*m**3 - 2 - 3/2*m**2 - 2*m. Let k be t(4). Calculate l(k).
2
Let m(v) = -27*v**2 - 4*v + 20. Let s(t) = -18*t**2 - 3*t + 14. Let x(w) = -5*m(w) + 7*s(w). What is x(-2)?
36
Let q(d) = 2*d + 11. Let h(c) = -3*c - 17. Let l be -6 + 44/8 - 11/(-2). Let b(v) = l*h(v) + 8*q(v). Give b(0).
3
Suppose -2*b = -4*j - 18, 0*b = j - 3*b + 7. Let p(g) = -g + 3*g + 2*g - 1 + 0. Give p(j).
-17
Suppose 3*a + 2*f - 6 = 0, -4*f - 8 - 20 = -4*a. Let m be 2*a/8*-1. Let z be m + (6 - 3) + -8. Let k(u) = u**2 + 5*u - 6. Give k(z).
0
Let r = -215 + 207. Let z(x) = -x - 9. Calculate z(r).
-1
Let m(d) be the first derivative of 3*d**5/4 + d**3/6 - d**2/2 - 4*d - 14. Let j(k) be the first derivative of m(k). Calculate j(1).
15
Let j(v) = -3*v**2 + 1. Let c(m) = 3*m**2 + 2*m + 1. Let k be c(-1). Let d(z) = z**2. Let q(u) = k*j(u) + 5*d(u). What is q(3)?
-7
Let w(n) = 3 + 4*n**3 - 7*n**3 - n**3 - 2 - 3*n**2. Determine w(-2).
21
Let f(z) = -z**3 + 8*z**2 - 3*z + 6. Let n be f(8). Let y be (6/n)/((-1)/(-15)). Let c(k) = k**3 + 5*k**2 + 2*k + 4. Calculate c(y).
-6
Let y(h) = 6*h**2 + 4*h - 12. Let j(f) = 7*f**2 + 5*f - 13. Let u(q) = 5*j(q) - 6*y(q). Give u(5).
-13
Let m(i) be the second derivative of i**5/20 - i**4/6 + i. Suppose 150 = 4*o - 62. Let y = -51 + o. Determine m(y).
0
Let t(q) = -q**2 + 1. Let i(w) = -5*w**2 - 7*w - 2. Let g(s) = i(s) - 6*t(s). What is g(8)?
0
Let k(x) = -4*x + 9. Suppose 9*o - 16 = 5*o. Determine k(o).
-7
Suppose 4*y + 2 = 22. Let c(h) = -h**2 + 6*h + 3. Let a be c(6). Let r(u) = -7 + 6*u**2 - 4*u**a - 4*u + u**3 + 2*u**3. Give r(y).
-2
Let s = -2 - -4. Suppose 4*b + 11 - 35 = 0. Suppose s*a - 14 = -b. Let c(n) = -n**2 + 5*n + 1. Calculate c(a).
5
Suppose 7 = -2*w + 3*w. Suppose 4*d + 3 - w = 0. Let o(a) = -3*a**3 + a**2 - a. What is o(d)?
-3
Let a = 509/1525 - 2/4575. Let c(n) be the first derivative of a*n**3 - 6 - 5/2*n**2 - 4*n. Determine c(7).
10
Suppose -24*g - 27 = 93. Let f(v) = -v**3 - 6*v**2 - 7*v - 7. What is f(g)?
3
Let u(t) = -10*t - 6*t + 2*t - 2 - t + 2*t. What is u(3)?
-41
Let z = 91 - 65. Let k(h) = -3*h - 25*h**2 + z*h**2 - 6 + 3. Give k(5).
7
Let u(l) = 2*l**2 + 61*l + 36. Let o be u(-30). Let j(h) = h - 8. Calculate j(o).
-2
Let m(q) = 3*q**2 - 7*q - 3. Let h(a) = a**2. Let u(n) = 4*h(n) - m(n). Give u(-9).
21
Let f(s) be the second derivative of -s**5/20 + 13*s**4/12 - 3*s**3/2 - 5*s**2 - 350*s. Determine f(12).
26
Let q(k) be the first derivative of k**5/30 + 5*k**4/24 + 2*k**3/3 - 33*k**2/2 + 6. Let p(s) be the second derivative of q(s). What is p(-3)?
7
Let z(l) be the first derivative of 0*l**3 + 1/2*l**2 - l - 1/4*l**4 + 10. What is z(1)?
-1
Let t be (-1)/2 + ((-105)/14 - -2). Let f(b) = -b**3 - 6*b**2 + 5. Calculate f(t).
5
Let k(r) = -r**2 - 9*r + 8. Let d = 448 - 459. What is k(d)?
-14
Let s(m) = -6*m**2 - m - 2. Let d be s(2). Let f = 25 + d. Let a = -1 + f. Let g(y) = y**3 + 6*y**2 + 5*y - 4. Give g(a).
8
Let d be ((-410)/4)/5*(-5 - -7). Let v = d + 36. Let n(m) be the first derivative of m**4/4 + 4*m**3/3 - 4*m**2 - 7*m - 1. What is n(v)?
8
Let o(i) = -22 - 21*i + 4*i**2 + 44 - 22. Let b be o(5). Let v(y) = y**2 + 8*y + 7. Determine v(b).
-8
Suppose -h + q = -4*q + 25, 0 = 2*h - q + 5. Let k(a) = -2*a + 1. Calculate k(h).
1
Let d(p) be the third derivative of -p**4/12 + 7*p**3/6 + 710*p**2. Let v = 4 + 1. Give d(v).
-3
Let m(a) = -2*a + 1. Let y be m(-12). Let o(b) = -1 - 26*b - y*b + 52*b. What is o(1)?
0
Let d(z) = 17*z**2 - 9*z + 36. Let b(x) = 6*x**2 - 3*x + 13. Let g(o) = 11*b(o) - 4*d(o). Calculate g(2).
-3
Let j(k) = -7 - 6 - 49*k + 53*k + 2. Determine j(-10).
-51
Let x(c) be the second derivative of -5/2*c**2 + 33*c + 0*c**4 + 1/6*c**3 + 1/20*c**5 + 0. What is x(0)?
-5
Let j = -9 + 25. Let h = -20 + j. Let u(a) = -9*a + 3 + 10*a + 5. Calculate u(h).
4
Let f be (-6)/10*(-1825)/(-219). Let c(u) = -5*u**2 - 2*u - 7 - u**3 + 0*u + 0*u. Give c(f).
3
Let l(g) = -9*g**2 + 19*g**2 + 10 + 11*g - 11*g**2 - 13 - 3. Suppose 9 = 4*f - 31. Give l(f).
4
Let x(m) be the second derivative of 0 + 4/15*m**5 + 5/2*m**2 - 1/6*m**3 - 3*m + 0*m**4. Let o(c) be the first derivative of x(c). Calculate o(-1).
15
Suppose -x - 4*l = -30, -4*x - 3*l = -4*l - 52. Suppose 4*o + x = 2*r, o + 4*o = 5*r - 10. Let h(u) = u**2 + 8*u + 5. Give h(o).
-10
Let m(x) = -x + x**3 + x**2 + 25*x**3 - 51*x**3 + 26*x**3 - 2. Suppose 2*d + 5 - 1 = 0. Give m(d).
-4
Let p(y) be the second derivative of -y**4/12 + 5*y**3/3 + 21*y**2/2 - 3*y + 152. Calculate p(11).
10
Let c(o) = -o**3 - 6*o**2 - 5*o - 7. Suppose 2*r + 28 = -2*f, -2*r = -5*f - 4*r - 70. Let b = f + 9. Calculate c(b).
-7
Let t(s) = -s**2 + 13*s - 13. Let n = -846 - -856. Give t(n).
17
Let m(v) = v - 1. Suppose 3*h = 13*h - 40. Suppose -6*d + h*d - 12 = 0. Determine m(d).
-7
Let i be (-20)/35*77/(-14)*-7. Let n(r) = r**3 + 21*r**2 - 21*r + 17. Determine n(i).
-5
Let b(i) = -i**2 - 18*i + 331. Let o be b(-29). Let h(d) = d - 24. Calculate h(o).
-12
Let w be 21*2*(-3)/(-18). Let i(c) = 5*c**2 - 3*c. Let n(k) = -9*k**2 + 7*k + 1. Let b(h) = w*i(h) + 4*n(h). Give b(7).
4
Let z(s) = -14*s**3 - s**2 + s - 1. Let i(w) = w**3 + 10*w**2 - 10*w + 12. Let v be i(-11). What is z(v)?
-15
Let t(z) = 8*z**2 + 2*z + 5. Let h(l) = 17*l**2 + 4*l + 9. Let v(o) = -4*h(o) + 7*t(o). What is v(-1)?
-11
Let q(m) = -3*m + 1. Let w(s) = s**2 + 17*s + 3. Let r be w(-16). Let h = r - -16. Give q(h).
-8
Let k = 1 + -2. Let r(f) = -64*f**2 - 1 - 71*f**2 - f + 204*f**2 - 70*f**2 + 6*f**3. Calculate r(k).
-7
Let y(l) be the third derivative of l**7/840 + l**6/120 - l**5/24 - l**4/8 - 4*l**3/3 + 12*l**2. Let i(m) be the first derivative of y(m). Calculate i(-4).
1
Suppose -5*r - 2*f + 28 = 0, 0*r + 2*r - 2*f = 0. Suppose -r*s + 3*s = -2. Let u(y) be the second derivative of y**5/20 + y**4/12 - y + 85. Determine u(s).
12
Let l = 38 + -34. Suppose 0 = -4*i + l*h + 32, -4*h + 5 = 21. Let m(z) = z + 1. Let b(d) = -1. Let t(u) = b(u) - m(u). Determine t(i).
-6
Let r(s) be the first derivative of 2*s**3/3 + s**2/2 - 4*s + 9. Let u(n) = n**2 - 3. Let m(k) = 3*r(k) - 4*u(k). Calculate m(-3).
9
Let h(i) = 10*i**2 + 2*i - 2. Let f be 5/3*(-6)/(-5). What is h(f)?
42
Suppose 3*c = -4*m - 32, m + 21 + 0 = -4*c. Let v(s) be the third derivative of s**6/120 + s**5/15 + s**4/12 - s**3/3 + 10*s**2. What is v(c)?
-10
Suppose 3*l - 8 = 2*l. Suppose -4*y - 1 = -3*m - 3, -m + l = 3*y. Let c(f) = -f**3 - 2*f**2 + f + 7 - m*f**2 - f**2. Calculate c(-5).
2
Let z(h) = h**2 + 9*h + 5. Let p(i) = -14*i - 22. Let o be p(-6). Suppose o*j - 58*j = -32. What is z(j)?
-3
Let o(x) = -6 + 1 + x - 2. Let j be o(14). Let q(b)